{"id":2,"date":"2010-08-22T19:15:44","date_gmt":"2010-08-22T17:15:44","guid":{"rendered":"http:\/\/www.swindex.ch\/blog\/?page_id=2"},"modified":"2017-01-07T16:40:36","modified_gmt":"2017-01-07T15:40:36","slug":"uber-mich","status":"publish","type":"page","link":"https:\/\/www.wartauerwetter.ch\/content\/?page_id=2","title":{"rendered":"\u00dcber mich"},"content":{"rendered":"<p>Diese Homepage wird von J\u00fcrg Zogg betrieben.<\/p>\n<p>Seit dem 26. Mai 2008 betreibe ich auf Prafisuot in Oberschan\/Wartau eine vollautomatische Wetterstation. Dabei handelt es sich um eine kabellose Station des Typs Davis Vantage Pro 2 mit rund um die Uhr bel\u00fcftetem Temperatursensor f\u00fcr besonders exakte Messwerte. Zudem ist der Regenpott w\u00e4hrend der Wintermonate beheizt, damit auch bei Schneefall brauchbare Niederschlagsdaten registriert werden. Der Windsensor ist seit dem 28.12.2013 neu an einem 8 Meter hohen Mast montiert. Zuvor erfolgte die Messung auf etwa 6 Meter \u00fcber Grund, allerdings gab es zwischen Dezember 2012 und Dezember 2013 immer wieder Datenausf\u00e4lle.<\/p>\n<p><a href=\"http:\/\/www.wartauerwetter.ch\/content\/wp-content\/uploads\/2010\/08\/DSC00942_klein.jpg\"><img loading=\"lazy\" decoding=\"async\" class=\"aligncenter size-large wp-image-46\" title=\"DSC00942_klein\" src=\"http:\/\/www.wartauerwetter.ch\/content\/wp-content\/uploads\/2010\/08\/DSC00942_klein-1024x767.jpg\" alt=\"J\u00fcrg Zogg neben Wetterstation Oberschan\" width=\"640\" height=\"479\" srcset=\"https:\/\/www.wartauerwetter.ch\/content\/wp-content\/uploads\/2010\/08\/DSC00942_klein-1024x767.jpg 1024w, https:\/\/www.wartauerwetter.ch\/content\/wp-content\/uploads\/2010\/08\/DSC00942_klein-300x224.jpg 300w, https:\/\/www.wartauerwetter.ch\/content\/wp-content\/uploads\/2010\/08\/DSC00942_klein.jpg 1459w\" sizes=\"auto, (max-width: 640px) 100vw, 640px\" \/><\/a><\/p>\n","protected":false},"excerpt":{"rendered":"<p>Diese Homepage wird von J\u00fcrg Zogg betrieben. Seit dem 26. Mai 2008 betreibe ich auf Prafisuot in Oberschan\/Wartau eine vollautomatische Wetterstation. Dabei handelt es sich um eine kabellose Station des Typs Davis Vantage Pro 2 mit rund um die Uhr bel\u00fcftetem Temperatursensor f\u00fcr besonders exakte Messwerte. Zudem ist der Regenpott w\u00e4hrend der Wintermonate beheizt, damit [&hellip;]<\/p>\n","protected":false},"author":1,"featured_media":0,"parent":0,"menu_order":5,"comment_status":"closed","ping_status":"closed","template":"page-templates\/full-width.php","meta":{"footnotes":""},"class_list":["post-2","page","type-page","status-publish","hentry"],"_links":{"self":[{"href":"https:\/\/www.wartauerwetter.ch\/content\/index.php?rest_route=\/wp\/v2\/pages\/2","targetHints":{"allow":["GET"]}}],"collection":[{"href":"https:\/\/www.wartauerwetter.ch\/content\/index.php?rest_route=\/wp\/v2\/pages"}],"about":[{"href":"https:\/\/www.wartauerwetter.ch\/content\/index.php?rest_route=\/wp\/v2\/types\/page"}],"author":[{"embeddable":true,"href":"https:\/\/www.wartauerwetter.ch\/content\/index.php?rest_route=\/wp\/v2\/users\/1"}],"replies":[{"embeddable":true,"href":"https:\/\/www.wartauerwetter.ch\/content\/index.php?rest_route=%2Fwp%2Fv2%2Fcomments&post=2"}],"version-history":[{"count":19,"href":"https:\/\/www.wartauerwetter.ch\/content\/index.php?rest_route=\/wp\/v2\/pages\/2\/revisions"}],"predecessor-version":[{"id":325,"href":"https:\/\/www.wartauerwetter.ch\/content\/index.php?rest_route=\/wp\/v2\/pages\/2\/revisions\/325"}],"wp:attachment":[{"href":"https:\/\/www.wartauerwetter.ch\/content\/index.php?rest_route=%2Fwp%2Fv2%2Fmedia&parent=2"}],"curies":[{"name":"wp","href":"https:\/\/api.w.org\/{rel}","templated":true}]}}