{"id":18,"date":"2010-08-30T20:50:50","date_gmt":"2010-08-30T19:50:50","guid":{"rendered":"http:\/\/www.swindex.ch\/blog\/?page_id=18"},"modified":"2020-11-11T17:06:23","modified_gmt":"2020-11-11T16:06:23","slug":"prognose","status":"publish","type":"page","link":"https:\/\/www.wartauerwetter.ch\/content\/?page_id=18","title":{"rendered":"Prognose"},"content":{"rendered":"<div style=\"width: 895px\" class=\"wp-caption aligncenter\"><img loading=\"lazy\" decoding=\"async\" src=\"\/ftp\/upload\/oberschan.png\" alt=\"\" width=\"885\" height=\"1190\" \/><p class=\"wp-caption-text\">Wetterprognose Oberschan<\/p><\/div>\n<p><strong>Was kann man aus der Grafik lesen?<\/strong><\/p>\n<p>Zuoberst sieht man die Wettersymbole. F\u00fcr den aktuellen Tag und den Folgetag wird f\u00fcr alle 3 Stunden ein Symbol dargestellt. F\u00fcr weitere 7 Tage gibt es in der unteren Grafik jeweils ein Symbol f\u00fcr den Vormittag und eines f\u00fcr den Nachmittag.<\/p>\n<p>Unter den Symbolen ist in gelb der Verlauf der Lufttemperatur dargestellt. Die 2 Zahlen pro Tag zeigen die Tiefst- und die H\u00f6chsttemperatur.\u00a0 Die blaue Linie zeigt den Verlauf der Temperatur in 5 cm H\u00f6he \u00fcber Boden.<\/p>\n<p>Weiter dargestellt ist die Globalstrahlung in Watt pro Quadratmeter. Als Schwellenwert f\u00fcr Sonnenschein kann grob ein Wert von 200 Watt pro Quadratmeter (gestrichelte Linie) angenommen werden.<\/p>\n<p>Darunter folgt der Wind mit Windb\u00f6en (Balken) und Mittelwind (Linie) in km\/h sowie Richtung (Pfeil). Vorsicht: Diese Wetterprognose basiert unter anderem auf den Messwerten der Wetterstation Oberschan. Da der Windmast der Wetterstation nicht sehr exponiert aufgestellt ist und deshalb oft nur m\u00e4ssige B\u00f6en registriert, sind auch die prognostizierten Windspitzen eher tief. In anderen Dorfteilen kann es z.B. bei F\u00f6hn deutlich st\u00e4rker blasen als hier prognostiziert.<\/p>\n<p>Zuunterst in der Grafik folgt der Niederschlag. Die Balken zeigen die erwarteten Mengen: f\u00fcr die ersten beiden Tage in st\u00fcndlicher Aufl\u00f6sung, danach in 3 Stunden Schritten. Die Zahl zeigt auf einen Blick die 24-st\u00fcndige Niederschlagssumme. Wird Niederschlag in Form von Schnee erwartet, gilt folgende Faustregel: 1mm Niederschlag ergibt 1bis 1,5 cm Neuschnee. Bei nassem Schnee ist es meist weniger, bei extremer K\u00e4lte deutlich mehr. Bei Temperaturen zwischen -7 und -9 Grad kann 1 mm Niederschlag 2 cm Neuschnee bringen, bei -10 bis -12 Grad sogar 3 cm.<\/p>\n","protected":false},"excerpt":{"rendered":"<p>Was kann man aus der Grafik lesen? Zuoberst sieht man die Wettersymbole. F\u00fcr den aktuellen Tag und den Folgetag wird f\u00fcr alle 3 Stunden ein Symbol dargestellt. F\u00fcr weitere 7 Tage gibt es in der unteren Grafik jeweils ein Symbol f\u00fcr den Vormittag und eines f\u00fcr den Nachmittag. Unter den Symbolen ist in gelb der [&hellip;]<\/p>\n","protected":false},"author":1,"featured_media":0,"parent":0,"menu_order":0,"comment_status":"closed","ping_status":"closed","template":"page-templates\/full-width.php","meta":{"footnotes":""},"class_list":["post-18","page","type-page","status-publish","hentry"],"_links":{"self":[{"href":"https:\/\/www.wartauerwetter.ch\/content\/index.php?rest_route=\/wp\/v2\/pages\/18","targetHints":{"allow":["GET"]}}],"collection":[{"href":"https:\/\/www.wartauerwetter.ch\/content\/index.php?rest_route=\/wp\/v2\/pages"}],"about":[{"href":"https:\/\/www.wartauerwetter.ch\/content\/index.php?rest_route=\/wp\/v2\/types\/page"}],"author":[{"embeddable":true,"href":"https:\/\/www.wartauerwetter.ch\/content\/index.php?rest_route=\/wp\/v2\/users\/1"}],"replies":[{"embeddable":true,"href":"https:\/\/www.wartauerwetter.ch\/content\/index.php?rest_route=%2Fwp%2Fv2%2Fcomments&post=18"}],"version-history":[{"count":100,"href":"https:\/\/www.wartauerwetter.ch\/content\/index.php?rest_route=\/wp\/v2\/pages\/18\/revisions"}],"predecessor-version":[{"id":614,"href":"https:\/\/www.wartauerwetter.ch\/content\/index.php?rest_route=\/wp\/v2\/pages\/18\/revisions\/614"}],"wp:attachment":[{"href":"https:\/\/www.wartauerwetter.ch\/content\/index.php?rest_route=%2Fwp%2Fv2%2Fmedia&parent=18"}],"curies":[{"name":"wp","href":"https:\/\/api.w.org\/{rel}","templated":true}]}}