{"id":128,"date":"2010-09-14T08:46:49","date_gmt":"2010-09-14T06:46:49","guid":{"rendered":"http:\/\/www.wartauerwetter.ch\/content\/?page_id=128"},"modified":"2019-04-22T17:06:09","modified_gmt":"2019-04-22T16:06:09","slug":"hitliste","status":"publish","type":"page","link":"https:\/\/www.wartauerwetter.ch\/content\/?page_id=128","title":{"rendered":"Hitliste"},"content":{"rendered":"<p>Die Wetterstation Oberschan liefert seit dem 26. Mai 2008 kontinuierlich im 5-Minuten-Abstand Daten.<\/p>\n<p>Hier sind die <strong>Extremwerte<\/strong> seit diesem Zeitpunkt:<\/p>\n<p>tiefste Temperatur:<\/p>\n<p><strong>-18,3 Grad<\/strong> (6.2.2012 um 08:40)<\/p>\n<p>h\u00f6chste Temperatur:<\/p>\n<p><strong>34,8 Grad<\/strong> (7.7.2015 um 14:25)<\/p>\n<p>st\u00e4rkste Windb\u00f6e:<\/p>\n<p><strong>96,6 km\/h<\/strong> (10.2.2016 um 0:55, nicht F\u00f6hn, sondern mit einer Kaltfront aus Nordwest)<\/p>\n<p>gr\u00f6sste Regenmenge in 24 Stunden:<\/p>\n<p><strong>54,2 mm<\/strong> (10.06.2014)<\/p>\n<p>gr\u00f6sste Regenmenge in 1 Stunde:<\/p>\n<p><strong>42,6 mm<\/strong> (10.06.2014)<\/p>\n","protected":false},"excerpt":{"rendered":"<p>Die Wetterstation Oberschan liefert seit dem 26. Mai 2008 kontinuierlich im 5-Minuten-Abstand Daten. Hier sind die Extremwerte seit diesem Zeitpunkt: tiefste Temperatur: -18,3 Grad (6.2.2012 um 08:40) h\u00f6chste Temperatur: 34,8 Grad (7.7.2015 um 14:25) st\u00e4rkste Windb\u00f6e: 96,6 km\/h (10.2.2016 um 0:55, nicht F\u00f6hn, sondern mit einer Kaltfront aus Nordwest) gr\u00f6sste Regenmenge in 24 Stunden: 54,2 [&hellip;]<\/p>\n","protected":false},"author":1,"featured_media":0,"parent":0,"menu_order":4,"comment_status":"closed","ping_status":"open","template":"page-templates\/full-width.php","meta":{"footnotes":""},"class_list":["post-128","page","type-page","status-publish","hentry"],"_links":{"self":[{"href":"https:\/\/www.wartauerwetter.ch\/content\/index.php?rest_route=\/wp\/v2\/pages\/128","targetHints":{"allow":["GET"]}}],"collection":[{"href":"https:\/\/www.wartauerwetter.ch\/content\/index.php?rest_route=\/wp\/v2\/pages"}],"about":[{"href":"https:\/\/www.wartauerwetter.ch\/content\/index.php?rest_route=\/wp\/v2\/types\/page"}],"author":[{"embeddable":true,"href":"https:\/\/www.wartauerwetter.ch\/content\/index.php?rest_route=\/wp\/v2\/users\/1"}],"replies":[{"embeddable":true,"href":"https:\/\/www.wartauerwetter.ch\/content\/index.php?rest_route=%2Fwp%2Fv2%2Fcomments&post=128"}],"version-history":[{"count":18,"href":"https:\/\/www.wartauerwetter.ch\/content\/index.php?rest_route=\/wp\/v2\/pages\/128\/revisions"}],"predecessor-version":[{"id":537,"href":"https:\/\/www.wartauerwetter.ch\/content\/index.php?rest_route=\/wp\/v2\/pages\/128\/revisions\/537"}],"wp:attachment":[{"href":"https:\/\/www.wartauerwetter.ch\/content\/index.php?rest_route=%2Fwp%2Fv2%2Fmedia&parent=128"}],"curies":[{"name":"wp","href":"https:\/\/api.w.org\/{rel}","templated":true}]}}

<p>Die Wetterstation Oberschan liefert seit dem 26. Mai 2008 kontinuierlich im 5-Minuten-Abstand Daten.</p>
<p>Hier sind die <strong>Extremwerte</strong> seit diesem Zeitpunkt:</p>
<p>tiefste Temperatur:</p>
<p><strong>-18,3 Grad</strong> (6.2.2012 um 08:40)</p>
<p>höchste Temperatur:</p>
<p><strong>34,8 Grad</strong> (7.7.2015 um 14:25)</p>
<p>stärkste Windböe:</p>
<p><strong>96,6 km/h</strong> (10.2.2016 um 0:55, nicht Föhn, sondern mit einer Kaltfront aus Nordwest)</p>
<p>grösste Regenmenge in 24 Stunden:</p>
<p><strong>54,2 mm</strong> (10.06.2014)</p>
<p>grösste Regenmenge in 1 Stunde:</p>
<p><strong>42,6 mm</strong> (10.06.2014)</p>

<p>Die Wetterstation Oberschan liefert seit dem 26. Mai 2008 kontinuierlich im 5-Minuten-Abstand Daten. Hier sind die Extremwerte seit diesem Zeitpunkt: tiefste Temperatur: -18,3 Grad (6.2.2012 um 08:40) höchste Temperatur: 34,8 Grad (7.7.2015 um 14:25) stärkste Windböe: 96,6 km/h (10.2.2016 um 0:55, nicht Föhn, sondern mit einer Kaltfront aus Nordwest) grösste Regenmenge in 24 Stunden: 54,2 [&hellip;]</p>
